he value of -29 - (-80 + 74 - (-6 + 1))?
-28
What is the value of -4 + 4 + 0 + (31 + -11 - -1)?
21
What is the value of -9 + (0 - -5) - (2 + -24 + -1)?
19
Evaluate (-3 - 0 - (64 + -70)) + 3.
6
-9 - (-9 - (16 + -34 - 17))
-35
Evaluate -1 + -20 + 22 + (3 - (33 + -4)).
-25
What is -14 - (-7 + (1 + -9 - 15))?
16
What is the value of 0 + 4 - (23 + -26 + 15)?
-8
What is 15 - (27 - 7) - -15 - -29?
39
What is the value of (140 - 151) + (44 - 0) + -1?
32
What is -27 + (-14 - (-28 + -30))?
17
Calculate 0 + -14 + (-2 - (-8 - (-12 - -9))).
-11
20 + -34 + -13 + 13 - 20
-34
What is the value of (-15 - 1) + (392 - 372)?
4
What is -6 - 7 - -24 - (-5 + -2)?
18
What is 20 + -10 + (5 - 8 - -5)?
12
What is the value of 3 + -23 + (9 - 2) + 2?
-11
What is -20 + 5 + -3 + 1 + 32?
15
(17 - 17) + 16 + -13 + -8
-5
What is 8010 + -7997 - (-1 - (1 + -14))?
1
Calculate (9 - ((20 - 18) + 18)) + (0 - 6).
-17
What is (-3 - 1 - -2) + -1 - (15 - 10)?
-8
-5 - (4 + -6) - -6 - -5
8
Evaluate 1 + -2 + -3 - 0 - (378 - 389).
7
What is the value of (6 - (3 - 9)) + -3 + -1 + -2?
6
What is the value of -28 + 53 + -35 + 28 + -1?
17
What is (2 + -2 + 4 - (-40 - -49)) + -1?
-6
-2 - -13 - ((9 - 0) + -4)
6
Calculate 11 - (18 + -10 + (-2 - -12)).
-7
0 - (3 + 3) - (-13 + (7 - 4))
4
Calculate (-3 - (-2 - -3)) + -42 + 39.
-7
Calculate 0 - ((-19 + 9 - 0) + 5).
5
-49 + 56 + -7 + (3 - 3)
0
What is the value of -1 + -4 - (31 + -38 - -6)?
-4
Calculate 10 - (-1 - (-15 + 7 + -7)).
-4
What is the value of 149 + -79 - 66 - (10 - (-1 - -1))?
-6
Evaluate 4 + (-1 - (-1 + -6)) - (-13 + 8).
15
Calculate -4 + 0 + -9 + 0 + 29.
16
Calculate (6 - -13) + -19 - (17 + 0).
-17
-2 + -1 + -6 - -15 - -2
8
Calculate 1 + 9 + (-17 - 20 - -33).
6
Evaluate -3 - 19 - ((-7 - 19) + 16).
-12
What is the value of (22 - 26) + -31 + 30?
-5
What is the value of (-15 - (-12 + 8)) + (6 - (7 - -5))?
-17
1 + (8 - 5) - 0
4
What is the value of (3 - (7 - (4 + (0 - 6)))) + 14?
8
-46 + -15 + 4 - -29
-28
What is the value of 6 + 1 + (9 - 36 - 7) + 2?
-25
What is the value of 0 + -5 + 7 - -20 - (5 - 2)?
19
What is 11 - (20 - (-12 - -13 - -1))?
-7
What is 5 + 1 + -2 + (9 - 20 - -16)?
9
What is the value of 9 - (-13 - -3 - (-31 + -3))?
-15
What is the value of -18 + (0 - (-19 + 20) - -5)?
-14
Calculate 16 - (29 + -11) - -18.
16
What is the value of -15 - ((2 - 14) + -10) - (1 + 17)?
-11
-20 + (17 - 4) - -6 - -29
28
Evaluate -19 + (4 + (-2 - 7) - -2).
-22
What is (-18 - -14) + 24 + -5?
15
7 - (6 + -3 + -1) - (-25 - -23)
7
(-4 + -11 - -44) + -16
13
Calculate 2 + 0 + 25 + -3174 + 3164.
17
What is the value of -22 + 1 + 1 + (-22 - -40 - 7)?
-9
What is 5 - (34 + 12 + -38)?
-3
1 - (-18 - -21) - (1 - -6)
-9
Evaluate 4 + 7 + -4 - ((5 - -4) + 1).
-3
What is the value of (-1 - 4) + 13 - (-8 - (0 - 14))?
2
Calculate 19 + (4 - 4) - 14.
5
What is -69 - (0 + (-54 - -18))?
-33
Evaluate -7 + 6 + (-7 - -13).
5
Calculate -2 + 0 + -30 + 54.
22
What is (-36 - (29 + -46)) + -3 + 12?
-10
17 + -2 + -7 - (5 + -10 + 22)
-9
6 - 15 - (-16 + 9)
-2
Evaluate 0 - (0 - -7) - (-552 + 557).
-12
4 + -32 - (-14 + 2)
-16
Evaluate 0 + -4 + (2 - -9) + -19 + 14.
2
What is (-1 - 0 - -12) + 149 + -136?
24
What is 13 + (5 - (33 + 9)) + 6 + 1?
-17
What is the value of 20 + 3 + 19 + -18 + (-3 - 2)?
19
What is the value of -1 + -6 + 9 + 7 + -7 - -12?
14
What is 3 + (-5 - -4) + -16 + 10 - -11?
7
12 + -28 + 20 + 26
30
Evaluate (21 - -2) + -557 + 539.
5
What is -7 - (10 + (5 - 18))?
-4
(0 - -5) + (-3 + 13 + -16 - 1)
-2
167 - 176 - (1 + -32) - (11 + -1)
12
Evaluate (0 - -11) + 1 + 75 + -74.
13
Calculate -4 + (7 - 3) + -9 - (-53 - -22).
22
Calculate 1 + -2 + 8 + (46 + -37 - 32).
-16
What is 48 - 67 - (-13 - 4)?
-2
Calculate (-1 - 10) + (-317 - -315).
-13
(-7 - -12) + (18 - (7 + 0))
16
Calculate 1 + -6 + 90 + -88.
-3
-3 + (-3 - 2) - (11 + (8 - -11))
-38
Evaluate -6 + 20 - ((-5 - 1) + -3 - -3).
20
(24 - 36) + (23 - 32 - (5 - 0))
-26
-42 + -1 + 20 - -24
1
What is the value of -27 + -23 + 3 + 13 + 15?
-19
Evaluate -15 + 0 - (4 - (7 + -9 - -13)).
-8
What is the value of 19 - 3 - (-7 + -9 + 4 + 16)?
12
28 - ((0 - -7) + (15 - 13) - 9)
28
-4 + (-43 - (-1 + -22))
-24
3 + (-11 - (-18 - -3))
7
-7 - ((3 - 24) + 14)
0
What is 23 - (6 - -23) - -20?
14
Calculate 24 - 7 - (13 - -18).
-14
What is 6 - 20 - -17 - (0 + -1) - -8?
12
(-1 - 19) + 685 + -674
-9
What is the value of -9 + (23 - (-18 + 12) - 12)?
8
(-11 - -13) + 12 - 8
6
What is the value of -14 - ((-26 - 6) + 16 + 0)?
2
Evaluate 47 + (-47 - -32) + -8.
24
What is (7 - (6 + 3) - -9 - -1) + -14?
-6
(-15 + -5 - 2 - (-25 - -23)) + 7
-13
Evaluate 18 - (-8 + 37 + -37).
26
What is 9 - -1 - (-97 + 125)?
-18
Evaluate 1 + 3 + -20 + 9.
-7
2 - (3 + -6 - -3) - (4 + 8)
-10
What is the value of -5 + -3 + -14 + 26 - -5?
9
What is the value of (25 - 31) + 25 + -26?
-7
10 - (3 + 2 - (-22 - -40))
23
Calculate (-18 - (0 + (9 - 32))) + (-34 - -1).
-28
Calculate (2 - (3 - 2)) + (-16 - -21) - 0.
6
Evaluate 15 + (7 - 3) + -17.
2
1 + 12 + (35 - 35) + -9
4
What is (0 - (32 - 24)) + 15?
7
What is 7 + (0 - (-2 + (-10 - -19))) - 7?
-7
Evaluate 3 - (0 + 4) - (-5 - 2) - 2.
4
Evaluate 12 + (-11 - (-3 - -3)).
1
What is the value of (2 - (2 - 3)) + (-32 - (8 - 34))?
-3
Calculate -116 + 100 - (-1 - -1).
-16
Calculate -64 + -38 + 48 + 24.
-30
Evaluate -20 + 5 + 5 + (-46 - -61).
5
0 + 18 - (424 + -438)
32
Calculate (-78 - -89) + (-2 - -5 - (4 - 2)).
12
Evaluate -1 + 3 - -7 - (-26 - -11 - -6).
18
What is the value of (25 - 10) + -68 + 38?
-15
What is the value of 18 + -4 + 10 + -37?
-13
-12 + 1 + (3 - 7) - (-36 + 34)
-13
Calculate (-1 - -14 - -8) + (-15 + 4 - 0).
10
What is the value of (4 - 1) + 4 + -2 + -3?
2
What is 302 + -314 - (9 + 0)?
-21
Evaluate 19 - (-2 + 4) - 3.
14
What is the value of (7 - 34) + 23 + -1?
-5
-12 + 13 + 0 + -3 + (45 - 28)
15
What is -27 + 32 + -4 + (-1 - -1) + 2?
3
10 - 0 - (28 + -47 + 1)
28
Calculate -13 - (7 - (33 + -16)).
-3
Calculate (-4 + 2 - -3) + 4 + 5 + 2.
12
What is 8 - (0 - (-7 - -10))?
11
3 - ((18 - 7) + -8) - -3
3
Evaluate 1 - (-21 + 25 + -21).
18
Evaluate (2 - -17) + 7 + -14.
12
What is the value of 17 + 2 - (38 + -27) - 25?
-17
Calculate -10 + (25 - -16) - 37.
-6
What is -10456 + 10445 - (0 - (-1 + -7))?
-19
(-6 - (-5 + 7 - 8)) + -3
-3
7 - (-7 - 8 - -9 - -6)
7
3 - ((-1 - 12) + 62 + -58)
12
What is (-3 - -3) + (-11 - 6) + 6 + -2?
-13
What is the value of -11 + (-28 - -26) + 3?
-10
Calculate 2 + -12 + 1 - (-4 - (2 + 0)).
-3
What is the value of 15 - (4 + (-22 - -9) + (-2 - -10))?
16
Evaluate 0 + 2 + 23 + -21 - (-8 - -1).
11
What is -2 + (2 - (-1 - (-6 + 6 + -7)))?
-6
What is (16 - 1 - 18) + 19 + 3 + 0?
19
What is the value of -14 + (8 - 9) + 8 - -16?
9
Evaluate 1 + (-32 - 4) + 20.
-15
What is (11 - ((-4 - -3) + 12)) + -3 + 24?
21
Evaluate -26 + 7 + (7 - 2) + 4.
-10
What is -1 - (1 + (13 - 9) - -3)?
-9
What is -1 + 23 + (-226 - -213)?
9
Calculate 1 + -2 - ((-16 - -43) + -18) - -34.
24
What is -1 + -9 + (13 - ((-6 - -18) + -3))?
-6
What is the value of -10 + (-8 - (-2 + (-1 - -5))) - 10?
-30
Evaluate 13 + -11 + -4 + -5 + 4.
-3
(-1 - -1) + -28 + (-13 - -24)
-17
1 + 9 + 38 + -53
-5
What is -9 + 2 + (-3 + 1 - -8 - 9)?
-10
Calculate 8 - (1 - -6 - 1 - (-7 + 11)).
6
Evaluate 149 + -114 + (-2 - -7 - 11).
29
Calculate (-1 - -9) + 74 + -86 + (-21 - 2).
-27
What is (38 - 0) + (10 - (-3 - (-14 + -1)))?
36
2 + 5 + -5 + -2 + (1 - -5)
6
21 - (-3 - 1) - (107 + -108)
26
Calculate -26 + 6 - -27 - -8.
15
What is -10 - (49 + 24 - 43)?
-40
Evaluate 8 - (10 + (6 + -14 - -6)).
0
Evaluate (3 - (1 + 1 - 0 - -2)) + 11.
10
Evaluate (-4 - -6 - 4) + -6 + (12 - 0).
4
5 - ((2 - -4) + 2 - 0)
-3
Calculate 6 - (-2 - -6 - (-8 + 7 - 1)).
0
Calculate (-124 - -114) + -1 + 12 - 18.
-17
What is the value of (3 - (47 + -23)) + 26?
5
Evaluate (4 - (2 + -3)) + 0 + -11.
-6
Evaluate 23 - (5 - 1 - 0).
19
What is -14 + -14 + (14 - -21)?
7
What is 15 - -4 - (-9 + 22)?
6
Evaluate (-21 + (-9 - 1) - -14) + 3 + 1.
-13
-21 + 3 + 15 - (-1 - -11 - 2)
-11
Evaluate 36 + -36 + 3 + -30.
-27
What is (-18 - -18 - (3 + -1)) + 20 + -9?
9
Calculate (47 - 50) + (8 + 3 - (3 - 5)).
10
Evaluate -9 + -2 - (0 - (45 + -23)).
11
Evaluate -16 + 0 + (-11 - -2) + (8 - 0).
-17
(-28 - -14 - -25) + -20
-9
Calculate 3 + 4 - (-22 + 35) - (16 - 2).
-20
What is the value of (-4 - (7 + 0)) + (7 - 1) + 9?
4
Calculate (-6 - -20) + -4 